ided by 18575?
54
Calculate the remainder when 2669406 is divided by 200.
6
Calculate the remainder when 56317533 is divided by 22.
19
What is the remainder when 232582 is divided by 77499?
85
Calculate the remainder when 118581 is divided by 135.
51
Calculate the remainder when 4453 is divided by 2200.
53
Calculate the remainder when 1193140 is divided by 2743.
2678
What is the remainder when 313135 is divided by 2453?
1604
What is the remainder when 8540576 is divided by 379?
190
Calculate the remainder when 415290 is divided by 207502.
286
Calculate the remainder when 82278 is divided by 27126.
900
Calculate the remainder when 264962 is divided by 3256.
1226
Calculate the remainder when 6731820 is divided by 72.
36
Calculate the remainder when 333805 is divided by 134.
11
Calculate the remainder when 138626488 is divided by 12.
4
What is the remainder when 321871656 is divided by 110?
106
What is the remainder when 1044715858 is divided by 270?
268
Calculate the remainder when 6478288 is divided by 942.
154
What is the remainder when 4760141 is divided by 5884?
5869
Calculate the remainder when 9004733 is divided by 42.
17
What is the remainder when 20589593 is divided by 337534?
19
Calculate the remainder when 2776849 is divided by 13487.
12014
Calculate the remainder when 115024430 is divided by 191.
28
What is the remainder when 12745 is divided by 4059?
568
What is the remainder when 1336369 is divided by 12605?
239
What is the remainder when 217933 is divided by 21770?
233
Calculate the remainder when 117179 is divided by 38507.
1658
Calculate the remainder when 12469157 is divided by 8.
5
Calculate the remainder when 2802062 is divided by 6000.
62
Calculate the remainder when 1064923 is divided by 96811.
2
Calculate the remainder when 122563332 is divided by 868.
864
What is the remainder when 403789 is divided by 1178?
913
What is the remainder when 2801095 is divided by 25?
20
What is the remainder when 2617076 is divided by 2616894?
182
Calculate the remainder when 27695 is divided by 8148.
3251
Calculate the remainder when 118254 is divided by 22382.
6344
What is the remainder when 24998632 is divided by 126?
106
What is the remainder when 228651 is divided by 248?
243
Calculate the remainder when 32667737 is divided by 48.
41
What is the remainder when 730054 is divided by 3864?
3622
Calculate the remainder when 13419 is divided by 6704.
11
What is the remainder when 53772342 is divided by 17924106?
24
Calculate the remainder when 22022148 is divided by 2002011.
27
Calculate the remainder when 252611 is divided by 84138.
197
Calculate the remainder when 194276 is divided by 194121.
155
Calculate the remainder when 4026968 is divided by 671156.
32
Calculate the remainder when 14547 is divided by 182.
169
What is the remainder when 514835 is divided by 27?
26
Calculate the remainder when 500000 is divided by 391.
302
What is the remainder when 72574 is divided by 694?
398
What is the remainder when 1460973 is divided by 6062?
31
Calculate the remainder when 8948461 is divided by 243.
229
Calculate the remainder when 450704 is divided by 106.
98
Calculate the remainder when 432962 is divided by 88.
2
What is the remainder when 749379 is divided by 23?
16
Calculate the remainder when 7209545 is divided by 790.
5
Calculate the remainder when 855889 is divided by 3451.
41
Calculate the remainder when 309822 is divided by 1597.
4
Calculate the remainder when 10409818 is divided by 11.
1
What is the remainder when 61248 is divided by 427?
187
Calculate the remainder when 6748888 is divided by 313.
295
What is the remainder when 3097387 is divided by 1032429?
100
Calculate the remainder when 3040279 is divided by 4444.
583
What is the remainder when 203885141 is divided by 30?
11
What is the remainder when 502133 is divided by 7493?
102
What is the remainder when 4590 is divided by 3588?
1002
What is the remainder when 82628190 is divided by 1076?
1074
What is the remainder when 53367 is divided by 35?
27
What is the remainder when 22496853 is divided by 17?
5
Calculate the remainder when 89390828 is divided by 1585.
1583
Calculate the remainder when 263994 is divided by 658.
136
Calculate the remainder when 288755 is divided by 36.
35
What is the remainder when 506541744 is divided by 5123?
5119
What is the remainder when 19765 is divided by 2055?
1270
What is the remainder when 150680889 is divided by 315?
9
What is the remainder when 1926785 is divided by 303?
8
Calculate the remainder when 5441805 is divided by 8.
5
What is the remainder when 94253 is divided by 5978?
4583
Calculate the remainder when 43309 is divided by 339.
256
What is the remainder when 3543673 is divided by 5?
3
What is the remainder when 1305037 is divided by 2505?
2437
Calculate the remainder when 691490 is divided by 18.
2
Calculate the remainder when 581024 is divided by 1213.
1210
What is the remainder when 13621955 is divided by 851?
849
Calculate the remainder when 189855 is divided by 139.
120
Calculate the remainder when 19488000 is divided by 464000.
0
What is the remainder when 102002587 is divided by 39?
37
Calculate the remainder when 49908100 is divided by 3564862.
32
What is the remainder when 7484297 is divided by 151?
133
What is the remainder when 1006960 is divided by 8643?
4372
What is the remainder when 2422804 is divided by 169?
20
What is the remainder when 694858 is divided by 2491?
2360
What is the remainder when 542147 is divided by 1061?
1037
Calculate the remainder when 9695821 is divided by 15009.
7
What is the remainder when 5487705 is divided by 29?
6
What is the remainder when 121252 is divided by 40397?
61
Calculate the remainder when 4261160 is divided by 48.
8
What is the remainder when 4602297 is divided by 2668?
2665
What is the remainder when 1954837 is divided by 7433?
7391
Calculate the remainder when 584677 is divided by 21652.
73
Calculate the remainder when 380888 is divided by 231.
200
What is the remainder when 790502 is divided by 197592?
134
Calculate the remainder when 608527 is divided by 37.
25
Calculate the remainder when 25381 is divided by 360.
181
Calculate the remainder when 23924945 is divided by 4784953.
180
Calculate the remainder when 23809398 is divided by 1551.
1548
Calculate the remainder when 253596 is divided by 437.
136
What is the remainder when 13074 is divided by 598?
516
What is the remainder when 8553574 is divided by 47?
44
Calculate the remainder when 749769 is divided by 7037.
3847
What is the remainder when 1824627 is divided by 1824624?
3
What is the remainder when 2327792 is divided by 2033?
7
What is the remainder when 69697 is divided by 22219?
3040
Calculate the remainder when 3694707 is divided by 923675.
7
Calculate the remainder when 7939797 is divided by 1323282.
105
Calculate the remainder when 12964 is divided by 12785.
179
Calculate the remainder when 11406823 is divided by 57034.
23
What is the remainder when 610272 is divided by 1724?
1700
What is the remainder when 5263478 is divided by 33?
11
What is the remainder when 94091735 is divided by 204?
203
Calculate the remainder when 155028 is divided by 3520.
148
What is the remainder when 30322683 is divided by 596?
587
What is the remainder when 22485 is divided by 3141?
498
What is the remainder when 2420874 is divided by 3635?
3599
What is the remainder when 263286 is divided by 2639?
2025
What is the remainder when 302926 is divided by 17565?
4321
Calculate the remainder when 239841 is divided by 1081.
940
Calculate the remainder when 1532796 is divided by 800.
796
What is the remainder when 29193 is divided by 28811?
382
Calculate the remainder when 10140327 is divided by 950.
27
Calculate the remainder when 10860405 is divided by 329103.
6
Calculate the remainder when 57017 is divided by 18715.
872
What is the remainder when 2633 is divided by 2358?
275
Calculate the remainder when 614671 is divided by 21.
1
What is the remainder when 17877 is divided by 747?
696
What is the remainder when 3202406 is divided by 5?
1
Calculate the remainder when 67441207 is divided by 531033.
16
Calculate the remainder when 2367527 is divided by 865.
22
What is the remainder when 82982008 is divided by 4090?
4088
Calculate the remainde